 + 207. What is the hundreds digit of k(-17)?
4
Let l(y) = 21*y + 49. What is the units digit of l(11)?
0
Let g be 2/3 + (-16)/(-3). Let i(y) = 2*y + 11. Let f be i(g). Suppose f = 2*t - 1. What is the units digit of t?
2
Let a(u) = u**3 - 2*u**2 + 2*u - 2. Let y be a(2). Suppose y*x - 498 = -4*x. What is the tens digit of x?
8
Let x(b) = 46*b**2 + 11*b + 22. What is the tens digit of x(-4)?
1
Let q = -11 + 21. Let g = q + -7. Suppose g*m + 24 = 7*m. What is the units digit of m?
6
Let s = -53 - -57. Suppose -o + s = -11. What is the tens digit of o?
1
Suppose -11 = -5*b + 4. Suppose 5*u - b*u - 6 = 0. Suppose -2*y = u*y - 145. What is the units digit of y?
9
Suppose -2*m - 5*s + 1268 = -8*s, -4*m = 5*s - 2580. What is the hundreds digit of m?
6
Let q = 4130 + -1185. What is the thousands digit of q?
2
Let i(f) = -2*f**3 - 2*f**2 - 3*f - 1. Let w be i(-1). Suppose -7*q + 1404 = w*q. What is the tens digit of q?
5
Let m(i) = i + 2. Let p be m(6). Let b = -6 + p. Suppose -z - b*l + 38 = z, -5*z + 107 = -l. What is the tens digit of z?
2
What is the hundreds digit of 10232/16 - 63/(-18)?
6
Suppose 108817 = 30*q + 7*q. What is the hundreds digit of q?
9
Let f(r) = 8*r**2 - 37*r - 14. What is the tens digit of f(-6)?
9
Let q = 136 - 107. Let n(b) = 21*b**2 - b. Let w be n(-1). Let h = q + w. What is the units digit of h?
1
Let s be 16/6*15/10. Suppose n + 4*t = -11, 8*n - 3*n - 25 = -s*t. Let d = 14 - n. What is the units digit of d?
5
Suppose -3*b = 2*c - 23, 4*c + 7 = -4*b + 43. Let i = 6 - c. Suppose i*g - 12 = 2. What is the units digit of g?
7
Let c(s) = -241*s + 7. Let t be c(-2). Suppose -t = -5*p + 3*f, 3*p - 279 = -2*f - f. What is the units digit of p?
6
Let a(z) = -35*z - 40*z + 12*z - 31*z. What is the tens digit of a(-2)?
8
What is the tens digit of (-10 - -12)/(0 + (-1)/(-37))?
7
Suppose 69176 = 40*h - 22064. What is the tens digit of h?
8
Let t(l) = -12*l**3 - 3*l**2 - 3*l + 3. Let p be t(-3). Let a = p + -169. What is the tens digit of a?
4
Let j(l) = -l**3 + 5*l**2 - 2*l + 7. Let i be j(5). Let m(v) = 2 + 11*v - 14*v + 4. What is the units digit of m(i)?
5
Let i = -481 + 831. Let c = i - 247. What is the units digit of c?
3
Suppose 3*l - 4677 = 3*s, 3 = -4*s + 23. What is the units digit of l?
4
Suppose 207*r - 204*r = m + 2730, 4*m = 5*r - 4557. What is the tens digit of r?
0
Suppose -x + 84 + 107 = 0. Let k = x + -324. Let d = k - -195. What is the tens digit of d?
6
Let s = 0 + 10. Let t = 10 - s. Suppose -4*w - 5*g + 0*g + 114 = t, -g = -5*w + 128. What is the tens digit of w?
2
Let k(f) = -2*f + 73. Let o(z) = 1. Let d(t) = k(t) - 2*o(t). What is the tens digit of d(13)?
4
Suppose 0*j - 266 = -2*j - 2*p, 3*j - p - 383 = 0. What is the units digit of (-2 + -3)/(-15)*j?
3
Let m(l) = -354*l - 17. What is the tens digit of m(-2)?
9
Let p = 0 + 3. Suppose p*w = 2*w + 26. What is the tens digit of w?
2
Suppose -46*g = 1732 - 8632. What is the hundreds digit of g?
1
Suppose 5*f - 2*f = 324. Let j = f - 53. What is the tens digit of j?
5
Suppose -45441 = 8*c - 41*c. What is the thousands digit of c?
1
Let q be 5*1/((-5)/(-2)). Suppose 98 = 2*o + 4*w, -3*w - q = -2*o + 82. Suppose -5*i + o + 190 = 0. What is the units digit of i?
7
Let w be -3*(3 + 651/(-9)). Suppose -w = -2*x - 5*u, -5*u + 65 = x - 49. What is the tens digit of x?
9
Suppose -4*z + 23 = 15. Suppose 0 = 2*r - 5*t - 101 + 14, 3*r - z*t = 114. What is the tens digit of r?
3
Let i be (1/(-1))/(11/(-33)). Suppose -k - 120 = -i*k. What is the units digit of k?
0
Suppose 23 - 138 = 2*i - 5*w, -65 = i - w. Let r = i - -77. What is the units digit of r?
7
Suppose -2 = 4*o - y + 2, -o = -2*y + 8. Suppose o*g + g = 10. What is the tens digit of g?
1
Let o(m) be the first derivative of -13*m**5/120 + m**4/8 - 7*m**3/3 - 5. Let u(g) be the third derivative of o(g). What is the units digit of u(-2)?
9
Suppose -5*m + 10 = 5*u, -m + 12 = -u + 2. Suppose -3*z - 5*y = -245, -304 = -m*z + 2*z - y. What is the units digit of z?
5
Let g(y) = -2*y**3 - 3*y**2 + y - 9. What is the tens digit of g(-5)?
6
Let l be (-9 + 3)*2/(-4). Let f(k) = 1 - 4*k + 2*k**2 - 2*k + l*k + k + 26*k**3. What is the units digit of f(1)?
7
Let q be (2 + 13/(-5))*-15. Let t = 47 - q. What is the tens digit of t?
3
Suppose -n - 14 = 2. Let d = -18 - n. What is the units digit of (2/(-3))/(d/99)?
3
Let m = -30 + 21. Let z = m - -5. What is the units digit of 51/4 + 3/z?
2
Let v(h) = -h**2 + 2*h - 3. Let b be v(2). Let p = -19 + b. Let u = p + 28. What is the units digit of u?
6
Suppose -4*u + 3*m = -18402, -13*u - m + 9206 = -11*u. What is the thousands digit of u?
4
Suppose -2*o = -2*c - 4126, -2*c - c + 10339 = 5*o. What is the hundreds digit of o?
0
Let t(n) = -2*n**3 + 30*n**2 - 25*n - 9. What is the units digit of t(14)?
3
Let b(g) = 4*g + 1. Let k be b(1). Suppose 93 + 87 = 5*o - 2*l, k*l = o - 59. Let a = 8 + o. What is the tens digit of a?
4
Let d = 1495 - 852. What is the units digit of d?
3
Let y(q) = -q**3 + 3*q**2 + q + 2. Let j(v) = -v**2 + v - 1. Let z(b) = 3*j(b) - y(b). Let p be z(6). Suppose p*w = 4*w + 54. What is the units digit of w?
8
Suppose s + 2 = 0, 4*h + 7 = -2*s - 5. Suppose -3*l + 4 = -2. Let v = l - h. What is the units digit of v?
4
Suppose -3*d + 27 - 12 = 0. Let s(z) = -5*z + 10. Let b(a) = 1. Let x(r) = d*b(r) + s(r). What is the units digit of x(-5)?
0
Suppose 7*u + 691 = 11*u - t, 2*t = 5*u - 866. What is the tens digit of u?
7
Suppose -7*t = -14*t + 168. Let r = t - -29. What is the tens digit of r?
5
Suppose 2*z = z + 142. Let l = -101 + z. What is the units digit of l?
1
Let a = -54 + 81. Let v = a + -19. Suppose 0*b - 4*b = v, 5*b = 2*j - 30. What is the units digit of j?
0
What is the units digit of 8/20*(3 - -7)*47?
8
Suppose 0 = 3*j - 2*j + f - 89, 0 = -2*j + 4*f + 160. What is the units digit of j?
6
Let i be (-18)/(3 + 2 + -7). Suppose 0 = i*w - 4*w. Suppose -3*m + w*m + 72 = 0. What is the units digit of m?
4
Let o(d) = -3*d + 6. Let p be o(2). What is the tens digit of (-1 - p) + (55 - 0)?
5
What is the units digit of 21933/36 + 2/16*-2?
9
Suppose 3187 = -20*u + 12967. What is the tens digit of u?
8
Let v = 1776 - 1276. What is the hundreds digit of v?
5
Let m = 46 - -2. Let o = m + -13. What is the units digit of o?
5
What is the tens digit of (-6)/(-4) + 2/4 + 570?
7
Let p(k) = -k**3 + 3*k**2 + 5*k + 2. Let z be p(5). Let h = z + 45. Suppose l - h - 22 = 0. What is the units digit of l?
4
Suppose 2*n + 4*x = 280 + 398, 4*x = 4. Suppose r - 66 = -m, 5*r = -0*m + 2*m + n. What is the tens digit of r?
6
Suppose 0 = 31*z - 8*z - 21919. What is the tens digit of z?
5
Let k be 1/(-4) + 19/76. What is the units digit of k + 18 + 2 + -4?
6
Suppose -3 + 0 = d. Let n be (-12)/(-8)*(-112)/(-6). Let p = d + n. What is the tens digit of p?
2
Let d(v) = v**2 - 3*v + 5. Let f be d(12). Let n = -1 + f. Suppose -3*z + 43 = 2*w, n = 5*w + 5*z - 2*z. What is the tens digit of w?
2
Let y(t) = -t**3 - 10*t**2 - 3*t + 1. Suppose 0 = 4*m + 4*b + 56, 3*m + 22 = -2*b + 4*b. What is the units digit of y(m)?
1
Let v(a) = a - 2. Let q be v(-6). Let l(r) = -10*r. Let w be l(q). Suppose w = t + 4*t. What is the units digit of t?
6
Let t(q) = 53*q**2 + 8*q + 32. What is the hundreds digit of t(-3)?
4
Suppose 8*t - 317 = -2*o + 13*t, 3*t + 3 = 0. What is the units digit of o?
6
Let d be (-6)/(-3)*(-3 + 4). Suppose -2*s + 348 = -d*m, s = -4*m - m + 204. What is the hundreds digit of s?
1
Let n(p) = -114*p - 2. Suppose -2*h + w - 2 = -5, -3*h - 2*w = 13. What is the tens digit of n(h)?
1
What is the thousands digit of 3 - (6 + (3 - 3302))?
3
Let o = 4 - 1. Suppose -4 = -q + o*q. What is the tens digit of (q - -1)*1 - -17?
1
Suppose 2*o + o = -5*t + 20, 0 = 2*o - 2*t - 24. Suppose -7*b + o*b - 492 = 0. What is the tens digit of b?
6
Let y(h) = -6*h + 15. Let l(z) = 6*z - 4*z + 1 - 4*z - 6*z. Let b be l(1). What is the units digit of y(b)?
7
Let v = 3 - -13. Let q(m) = -2*m + 9. Let h be q(4). Suppose 0 = b + h - v. What is the tens digit of b?
1
Suppose 0*f + 7*f = 63. What is the units digit of (-12)/(-8)*228/f?
8
What is the tens digit of (0 - -3)*3056/24?
8
Let k be 18/(-4)*22/33. Suppose 2*g + 44 = 16. What is the units digit of (-4)/k*(-231)/g?
2
Let f = 195 - -355. What is the units digit of f